mmon divisor of p and 11?
11
Let r be (470/25)/((-1)/5). Let g be 6/(-27) + r/(-18). What is the highest common divisor of 20 and g?
5
Let n(v) = v**2 - 1. Suppose t - 3 = -0*t. Let s be 6 - (0 - -1)*t. Let x be n(s). What is the highest common divisor of x and 88?
8
Let n = -551 + 587. What is the greatest common divisor of n and 3924?
36
Suppose 0 = -0*t + t - 18. Let i = -102 + 156. Suppose -9*b - i = -10*b. What is the highest common factor of b and t?
18
Let p be (1 - -13)*(2 - 14). Let d = 36 + p. Let r = 22 - d. Calculate the greatest common factor of r and 14.
14
Suppose 0 = -2*l + 16 + 16. Let v = 592 - 59. Suppose -x = 3*i - v, 0*i - 553 = -3*i - 5*x. Calculate the highest common divisor of l and i.
16
Suppose 3*l - l - 3*p = 32, 0 = 4*l - p - 84. Suppose -4*v + l = -2*h - 16, -5*h = -4*v + 47. What is the highest common factor of 28 and v?
4
Let s = -2 - -4. Suppose -3 = -q - 2*v, 4*q = -2*v - 2*v + 12. Suppose -7 = -q*m + s. Calculate the highest common factor of m and 9.
3
Let r be (1070/15)/(2/9). Suppose -r = -5*g + 639. Let j be (-4)/3*(-11 + 7/(-1)). Calculate the highest common factor of j and g.
24
Suppose 5*h = n + 43, 0 = n - 4*n - 9. Suppose -4*u = -104 - h. What is the greatest common factor of 4 and u?
4
Suppose h = 4*s - 2*h - 12, -5*h = 5*s + 20. Suppose -7*m + 91 - 21 = s. Calculate the highest common factor of m and 4.
2
Let h(k) = 7*k + 7 - 4*k**2 + 5*k**2 - 10*k - 7*k. Let n(q) = 3*q**2 - 6*q + 1. Let u be n(3). Let c be h(u). Calculate the greatest common factor of 1 and c.
1
Let n be ((-8)/(-5))/(2/5). Suppose 12 = -5*b - 8. Let k be (-1)/b + (1524/16)/3. Calculate the highest common divisor of n and k.
4
Let y be (487 - 1*(0 - 1)) + 4. What is the highest common factor of 12 and y?
12
Let d = -11 + 14. Let x = -36 + d. Let k = x + 49. What is the highest common divisor of 80 and k?
16
Suppose 20*h - 240 = 15*h + 5*m, 2*m = -2*h + 84. What is the highest common factor of h and 45?
45
Suppose 5*l + 5*y + 175 = -0*y, -6 = 2*y. Let t(a) = 3*a + 102. Let d be t(l). What is the greatest common factor of 24 and d?
6
Suppose -5*o = -0*o. Suppose 7*p - 5*p - 32 = o. Calculate the highest common factor of 64 and p.
16
Suppose -1823 = -28*k - 143. Calculate the highest common divisor of k and 135.
15
Let z(d) = 88*d - 10. Let p(t) = -88*t + 11. Let c(u) = 5*p(u) + 6*z(u). Let l be c(2). What is the highest common factor of l and 19?
19
Suppose -4*w = -4 + 12, -w - 83 = -3*r. Calculate the greatest common factor of r and 3.
3
Let g(a) = -a**3 + 2*a**2 + a + 21. Let f be ((-21)/(-15) - 1)*-40. Let h = -16 - f. Let s be g(h). Calculate the greatest common factor of s and 7.
7
Let u(p) = -3*p**2 + p + 1. Let v be u(0). Let m(a) = -a - 7. Let o be m(-8). What is the greatest common factor of o and v?
1
Let c = -36 + 1. Let y be (-707)/c - (3/5)/3. What is the greatest common factor of y and 12?
4
Let x(v) = 5*v - 2*v - 3*v - 24 + 4*v. Let r be x(11). Let p be 6/(-15) - (-54)/10. Calculate the greatest common factor of r and p.
5
Let w(o) = o**2 + 4. Let q be w(3). Suppose -2*x = -x - 155. Suppose -4*p - x + 727 = 0. What is the highest common factor of q and p?
13
Let z be (-2807)/(-3) + (128/(-24))/8. What is the highest common divisor of 110 and z?
55
Let p(d) = 8*d**2 - 32*d - 96. Let g be p(-14). Calculate the greatest common divisor of 16 and g.
16
Suppose -3*z - 11 = i, -8 - 8 = 4*z. Suppose 3*n + 12 = 5*o, 4*o + 3*n + i = -11. Suppose 3*p - 232 - 392 = o. What is the highest common factor of p and 26?
26
Let w(l) = 49*l - 2. Let c be w(-2). Let f = -96 - c. Calculate the highest common divisor of 1 and f.
1
Let t = 24 + -16. Let p(w) = 122*w - 1 - 2 + 2*w**2 - 117*w + t. Let a be p(-5). Calculate the highest common factor of 20 and a.
10
Let d = 12 + 10. Suppose -11*x - 3663 = -d*x. What is the highest common factor of 37 and x?
37
Suppose 154 = -34*c + 41*c. Let m(v) = -v + 1. Let l be m(-1). Calculate the highest common divisor of c and l.
2
Suppose 0 = -499*h + 489*h + 5510. What is the highest common factor of 38 and h?
19
Suppose 0 = -10*o + 1297 + 943. Calculate the greatest common divisor of 49 and o.
7
Suppose -2*f - 3*f - 3*r = -74, 3*r - 48 = -3*f. Calculate the greatest common factor of f and 91.
13
Suppose -8*m - 42 = -4*j - 9*m, -2 = -m. Calculate the highest common factor of 320 and j.
10
Suppose 0*h - 105 = 5*h - 5*b, 5*h + 129 = -3*b. Let t be h/(-84) - 458/(-14). Suppose 5*u = 37 + t. What is the greatest common divisor of 126 and u?
14
Let m be (466/(-8))/((-1)/4). Let p = -118 + m. Suppose 5*y + p = 4*b, 4*y = y + 3. Calculate the highest common divisor of b and 10.
10
Suppose -4*d + 480 = 2*d. Suppose 2*t - 21 = -m + 37, -5*m = -5*t - 335. Calculate the highest common factor of d and m.
16
Let x = -16 - -22. Suppose -3*d + 81 = -2*a, -4*a = d - 0*d - 27. Suppose -4*q + 136 = -4*m, 4*m + d + 79 = 3*q. What is the highest common divisor of q and x?
6
Let b(s) = 26*s**3 - 3*s**2 + s + 2. Let o be b(1). What is the greatest common divisor of 13 and o?
13
Let r be 1 + (-1 - -2) + 1. Suppose r = 3*n - j + 8, j - 5 = -n. Suppose -2*b + 17 + 7 = n. Calculate the highest common factor of b and 36.
12
Let o be (3/6)/(-1)*-22. Let i = o + -7. Suppose -v = -4*v + 5*n + 36, i*v - 4*n = 48. What is the greatest common divisor of v and 30?
6
Suppose -12 + 54 = 3*v. Suppose b + 8 = 2*i - 1, 4*i = -2*b + v. Suppose -i*n = 3*y - 35, -2*y + 8 = n - 7. What is the greatest common divisor of 40 and n?
5
Let y be (408/(-255))/((-2)/5). What is the greatest common factor of 10 and y?
2
Suppose -12*t - 417 = -17*t + 2*g, -3*g + 80 = t. What is the greatest common divisor of 415 and t?
83
Suppose 0 = -2*h - 2*h - 4*a + 356, 4*h = -3*a + 356. Let v = h - 62. Let n be 1076/10 - 2/(-5). What is the highest common divisor of v and n?
27
Let i be ((-14)/(-8))/((-3)/(-12)). Let a = 15 - i. Suppose a*l + 280 = 10*l. What is the greatest common factor of 14 and l?
14
Suppose 36 = 4*m - 4*a, m + 16 = -0*a - 4*a. Suppose k - 3*r = 2*r + 27, 2*r = m*k - 36. What is the greatest common divisor of 7 and k?
7
Let p be (-36)/((-49)/30 + 6/4). Calculate the highest common divisor of 45 and p.
45
Suppose 13 = h + 39*u - 44*u, 0 = 2*h - 5*u - 26. What is the highest common factor of h and 117?
13
Suppose -11*z - 2*z + 247 = 0. What is the greatest common factor of z and 152?
19
Let o = -378 + 388. What is the greatest common factor of 160 and o?
10
Suppose -80 = -40*j + 35*j. Suppose -j = q - 33. What is the highest common divisor of q and 85?
17
Suppose -196 = -d + 3*d. Let w = d + 163. Let i(n) = -n**3 - 6*n**2 - 4*n + 2. Let b be i(-6). What is the highest common divisor of b and w?
13
Let a be 94/(-1 + 0)*(-36 + 34). What is the greatest common factor of 47 and a?
47
Suppose 0 = 17*d - 8*d - 432. What is the highest common divisor of d and 120?
24
Let a(w) = w**2 - 13*w + 10. Let v be a(13). Suppose -10*k - 360 = -14*k. What is the greatest common factor of k and v?
10
Let o(h) = -2*h**2 + 37*h - 9. Let f be o(7). Calculate the greatest common factor of f and 19.
19
Suppose -4*x + 0 + 108 = 0. Let a be 2023/9 - (-6)/x. Let b be 1 + 148/6 + (-126)/189. Calculate the highest common factor of b and a.
25
Suppose 0 = k - 0*k - 180. Let l(r) = 4*r - 7. Let g be l(4). Let x = 11 + g. Calculate the greatest common factor of k and x.
20
Suppose n = -4*n - 2*w + 45, -4*n + 53 = 5*w. What is the greatest common factor of 77 and n?
7
Suppose 2*q - 4 = 2. Suppose -q*x = x - 220. What is the highest common factor of x and 5?
5
Let b = 127 + -122. Suppose b*s - 3*d + 5*d = 65, -3*d = 5*s - 70. Calculate the highest common factor of 297 and s.
11
Let g = 610 + 101. What is the greatest common factor of g and 9?
9
Let j be (6/(-4))/((-363)/3388). Calculate the highest common factor of j and 35.
7
Suppose 6387 = 29*q - 28964. Calculate the greatest common divisor of 53 and q.
53
Suppose -2*o = -3 + 1, 2*s = 4*o - 162. Let n = 41 + s. Let j = n + 39. What is the highest common factor of j and 2?
1
Let w(r) = r**2 - 9*r - 8. Let g be w(10). Let x(b) = 8*b**3 - 2*b**2 - 2*b + 2. Let u be x(g). Calculate the greatest common divisor of u and 18.
18
Let r(h) = 27*h**3 - h**2. Let g be 1 - ((-8)/4 - -2). Let i be r(g). Let k = i - 16. Calculate the greatest